is the remainder when 4848 is divided by 2374?
100
Calculate the remainder when 331479 is divided by 12.
3
Calculate the remainder when 16114 is divided by 43.
32
What is the remainder when 61133 is divided by 5547?
116
What is the remainder when 236985 is divided by 74?
37
What is the remainder when 2770 is divided by 44?
42
What is the remainder when 1366 is divided by 386?
208
What is the remainder when 30423 is divided by 130?
3
Calculate the remainder when 129 is divided by 8.
1
What is the remainder when 57 is divided by 57?
0
What is the remainder when 31923 is divided by 15959?
5
What is the remainder when 816 is divided by 172?
128
Calculate the remainder when 767273 is divided by 255755.
8
What is the remainder when 32932 is divided by 71?
59
Calculate the remainder when 710 is divided by 32.
6
Calculate the remainder when 212279 is divided by 696.
695
What is the remainder when 5755 is divided by 1429?
39
What is the remainder when 320533 is divided by 278?
277
What is the remainder when 32056 is divided by 19?
3
Calculate the remainder when 999091 is divided by 14.
9
Calculate the remainder when 112033 is divided by 757.
754
What is the remainder when 11190 is divided by 8?
6
Calculate the remainder when 81110 is divided by 11.
7
Calculate the remainder when 16852 is divided by 1684.
12
Calculate the remainder when 12276 is divided by 4092.
0
Calculate the remainder when 5326 is divided by 1053.
61
Calculate the remainder when 25416 is divided by 19.
13
What is the remainder when 2353767 is divided by 187?
185
Calculate the remainder when 10978 is divided by 10941.
37
Calculate the remainder when 15774 is divided by 17.
15
What is the remainder when 16756 is divided by 599?
583
Calculate the remainder when 14527 is divided by 14522.
5
What is the remainder when 5933 is divided by 41?
29
Calculate the remainder when 1828 is divided by 383.
296
What is the remainder when 992196 is divided by 242?
238
What is the remainder when 166602 is divided by 22?
18
What is the remainder when 20012 is divided by 171?
5
Calculate the remainder when 69860 is divided by 1244.
196
What is the remainder when 7868 is divided by 739?
478
What is the remainder when 84970 is divided by 12?
10
Calculate the remainder when 373019 is divided by 165.
119
Calculate the remainder when 546378 is divided by 11.
8
What is the remainder when 2813 is divided by 531?
158
What is the remainder when 11052 is divided by 152?
108
Calculate the remainder when 38748 is divided by 503.
17
What is the remainder when 5605 is divided by 26?
15
What is the remainder when 11673 is divided by 16?
9
Calculate the remainder when 509 is divided by 251.
7
Calculate the remainder when 7565 is divided by 2519.
8
What is the remainder when 108376 is divided by 1720?
16
What is the remainder when 7545 is divided by 286?
109
What is the remainder when 410 is divided by 103?
101
What is the remainder when 6092 is divided by 99?
53
Calculate the remainder when 4539 is divided by 206.
7
Calculate the remainder when 5150 is divided by 50.
0
Calculate the remainder when 16413 is divided by 5461.
30
Calculate the remainder when 9440 is divided by 412.
376
What is the remainder when 3464 is divided by 2285?
1179
What is the remainder when 3146 is divided by 62?
46
Calculate the remainder when 71104 is divided by 18.
4
Calculate the remainder when 12772 is divided by 232.
12
Calculate the remainder when 31448 is divided by 286.
274
What is the remainder when 15286 is divided by 52?
50
What is the remainder when 3112 is divided by 102?
52
What is the remainder when 586238 is divided by 1145?
1143
Calculate the remainder when 214912 is divided by 265.
262
Calculate the remainder when 278569 is divided by 37.
33
What is the remainder when 13152 is divided by 304?
80
Calculate the remainder when 1095901 is divided by 17.
13
Calculate the remainder when 8220 is divided by 2288.
1356
Calculate the remainder when 48989 is divided by 345.
344
Calculate the remainder when 53937 is divided by 1685.
17
What is the remainder when 22300 is divided by 115?
105
Calculate the remainder when 86252 is divided by 45.
32
Calculate the remainder when 16596 is divided by 71.
53
Calculate the remainder when 191871 is divided by 360.
351
What is the remainder when 1146546 is divided by 473?
467
What is the remainder when 433777 is divided by 20656?
1
Calculate the remainder when 863 is divided by 522.
341
Calculate the remainder when 38716 is divided by 2781.
2563
What is the remainder when 14521 is divided by 6?
1
Calculate the remainder when 2156 is divided by 134.
12
Calculate the remainder when 3048 is divided by 480.
168
What is the remainder when 25314 is divided by 4218?
6
What is the remainder when 2350 is divided by 2200?
150
What is the remainder when 6407 is divided by 2131?
14
What is the remainder when 7003 is divided by 2122?
637
Calculate the remainder when 2702 is divided by 472.
342
What is the remainder when 444753 is divided by 13?
10
Calculate the remainder when 358647 is divided by 90.
87
What is the remainder when 505268 is divided by 81?
71
What is the remainder when 2982 is divided by 77?
56
What is the remainder when 442 is divided by 71?
16
What is the remainder when 180629 is divided by 135?
134
Calculate the remainder when 1029 is divided by 489.
51
What is the remainder when 1366 is divided by 100?
66
Calculate the remainder when 13678 is divided by 8.
6
Calculate the remainder when 1427 is divided by 1402.
25
What is the remainder when 54211 is divided by 108?
103
What is the remainder when 9229 is divided by 110?
99
Calculate the remainder when 31206 is divided by 6228.
66
What is the remainder when 1922 is divided by 206?
68
Calculate the remainder when 31534 is divided by 54.
52
Calculate the remainder when 7324 is divided by 213.
82
What is the remainder when 263554 is divided by 132?
82
What is the remainder when 1479 is divided by 225?
129
Calculate the remainder when 2573 is divided by 136.
125
Calculate the remainder when 2425277 is divided by 88.
85
What is the remainder when 6952 is divided by 56?
8
Calculate the remainder when 6252 is divided by 216.
204
What is the remainder when 11486 is divided by 3810?
56
What is the remainder when 35597 is divided by 2963?
41
What is the remainder when 21443 is divided by 106?
31
What is the remainder when 7261 is divided by 2419?
4
Calculate the remainder when 232268 is divided by 53.
22
Calculate the remainder when 6334 is divided by 211.
4
What is the remainder when 31351 is divided by 1957?
39
What is the remainder when 116311 is divided by 311?
308
Calculate the remainder when 19443 is divided by 845.
8
Calculate the remainder when 24734 is divided by 370.
314
Calculate the remainder when 1415345 is divided by 19.
16
What is the remainder when 7763 is divided by 369?
14
Calculate the remainder when 52147 is divided by 346.
247
What is the remainder when 437 is divided by 36?
5
Calculate the remainder when 8628 is divided by 74.
44
What is the remainder when 3558 is divided by 123?
114
What is the remainder when 86507 is divided by 211?
208
Calculate the remainder when 50220 is divided by 947.
29
Calculate the remainder when 3357 is divided by 56.
53
Calculate the remainder when 1651 is divided by 32.
19
What is the remainder when 520028 is divided by 322?
320
What is the remainder when 815 is divided by 175?
115
What is the remainder when 2836805 is divided by 261?
257
Calculate the remainder when 53562 is divided by 62.
56
What is the remainder when 449 is divided by 41?
39
Calculate the remainder when 290399 is divided by 34.
5
What is the remainder when 144093 is divided by 4?
1
Calculate the remainder when 2359474 is divided by 42.
40
What is the remainder when 28960 is divided by 52?
48
What is the remainder when 516 is divided by 102?
6
Calculate the remainder when 43847 is divided by 126.
125
What is the remainder when 1611 is divided by 805?
1
Calculate the remainder when 1454 is divided by 667.
120
What is the remainder when 30704 is divided by 633?
320
What is the remainder when 11863 is divided by 695?
48
Calculate the remainder when 76485 is divided by 170.
155
Calculate the remainder when 434 is divided by 401.
33
Cal